{"id":19,"date":"2022-12-29T12:01:25","date_gmt":"2022-12-29T12:01:25","guid":{"rendered":"https:\/\/wp-gerber.de\/?page_id=19"},"modified":"2024-12-02T10:55:37","modified_gmt":"2024-12-02T10:55:37","slug":"wirtschaftspruefung","status":"publish","type":"page","link":"https:\/\/wp-gerber.de\/?page_id=19","title":{"rendered":"<strong>Wirtschaftspr\u00fcfung, Treuhand &#8211; und Pr\u00fcfungswesen<\/strong>"},"content":{"rendered":"\n<p><\/p>\n\n\n\n<p>Nach den handelsrechtlichen Bestimmungen m\u00fcssen mittelgro\u00dfe Kapitalgesellschaften und bestimmte Personenhandelsgesellschaften ihren Jahresabschluss pr\u00fcfen lassen. Daneben k\u00f6nnen Sie aber auch den Jahresabschluss ihres Unternehmens freiwillig pr\u00fcfen lassen.<\/p>\n\n\n\n<p>Dies birgt viele Vorteile. Besonders bei Kreditgespr\u00e4chen mit der Bank kann ein belegter Jahresabschluss sehr hilfreich sein.<\/p>\n\n\n\n<p>Als bestellter Wirtschaftspr\u00fcfer bin ich im Berufsregister bei der Wirtschaftspr\u00fcferkammer als Abschlusspr\u00fcfer zugelassen. Mein Fachwissen wird durch stetige Fortbildungsma\u00dfnahmen, die weit \u00fcber den berufsrechtlichen Vorgaben liegen, st\u00e4ndig erweitert.<\/p>\n\n\n\n<p>Den Mittelpunkt meiner Pr\u00fcfungst\u00e4tigkeit bildet nicht alleine die Best\u00e4tigung der Gesetzm\u00e4\u00dfigkeit des Jahresabschlusses. Daneben profitieren Sie noch von meinen Erfahrungen aus meiner langj\u00e4hrigen Berufst\u00e4tigkeit.<\/p>\n\n\n\n<p>Mein Angebot im Bereich des Pr\u00fcfungswesen erstreckt sich auf<\/p>\n\n\n\n<ul class=\"wp-block-list\">\n<li>die gesetzliche und freiwillige Jahresabschlusspr\u00fcfungen (HGB) f\u00fcr Unternehmen aller Rechtsformen einschlie\u00dflich der Pr\u00fcfung von Konzernschl\u00fcssen nach dem HGB,<\/li>\n\n\n\n<li>die Pr\u00fcfung von Stiftungen,<\/li>\n\n\n\n<li>die Pr\u00fcfung von Maklern und Bautr\u00e4gern,<\/li>\n\n\n\n<li>die Pr\u00fcfungen anl\u00e4sslich Umgr\u00fcndungen.<\/li>\n<\/ul>\n\n\n\n<p>Weitere T\u00e4tigkeiten, die auch teilweise sog. Vorbehaltsaufgaben eines Wirtschaftspr\u00fcfers darstellen ist die Durchf\u00fchrung von<\/p>\n\n\n\n<ul class=\"wp-block-list\">\n<li>Unternehmensbewertungen,<\/li>\n\n\n\n<li>Gr\u00fcndungspr\u00fcfungen und<\/li>\n\n\n\n<li>Sondergutachten.<\/li>\n<\/ul>\n","protected":false},"excerpt":{"rendered":"<p>Nach den handelsrechtlichen Bestimmungen m\u00fcssen mittelgro\u00dfe Kapitalgesellschaften und bestimmte Personenhandelsgesellschaften ihren Jahresabschluss pr\u00fcfen lassen. Daneben k\u00f6nnen Sie aber auch den Jahresabschluss ihres Unternehmens freiwillig pr\u00fcfen lassen. Dies birgt viele Vorteile. Besonders bei Kreditgespr\u00e4chen mit der Bank kann ein belegter Jahresabschluss sehr hilfreich sein. Als bestellter Wirtschaftspr\u00fcfer bin ich im Berufsregister bei der Wirtschaftspr\u00fcferkammer als Abschlusspr\u00fcfer &hellip; <\/p>\n<p class=\"link-more\"><a href=\"https:\/\/wp-gerber.de\/?page_id=19\" class=\"more-link\"><span class=\"screen-reader-text\">\u201e<strong>Wirtschaftspr\u00fcfung, Treuhand &#8211; und Pr\u00fcfungswesen<\/strong>\u201c<\/span> weiterlesen<\/a><\/p>\n","protected":false},"author":1,"featured_media":68,"parent":0,"menu_order":0,"comment_status":"closed","ping_status":"closed","template":"","meta":{"footnotes":""},"class_list":["post-19","page","type-page","status-publish","has-post-thumbnail","hentry"],"_links":{"self":[{"href":"https:\/\/wp-gerber.de\/index.php?rest_route=\/wp\/v2\/pages\/19","targetHints":{"allow":["GET"]}}],"collection":[{"href":"https:\/\/wp-gerber.de\/index.php?rest_route=\/wp\/v2\/pages"}],"about":[{"href":"https:\/\/wp-gerber.de\/index.php?rest_route=\/wp\/v2\/types\/page"}],"author":[{"embeddable":true,"href":"https:\/\/wp-gerber.de\/index.php?rest_route=\/wp\/v2\/users\/1"}],"replies":[{"embeddable":true,"href":"https:\/\/wp-gerber.de\/index.php?rest_route=%2Fwp%2Fv2%2Fcomments&post=19"}],"version-history":[{"count":4,"href":"https:\/\/wp-gerber.de\/index.php?rest_route=\/wp\/v2\/pages\/19\/revisions"}],"predecessor-version":[{"id":88,"href":"https:\/\/wp-gerber.de\/index.php?rest_route=\/wp\/v2\/pages\/19\/revisions\/88"}],"wp:featuredmedia":[{"embeddable":true,"href":"https:\/\/wp-gerber.de\/index.php?rest_route=\/wp\/v2\/media\/68"}],"wp:attachment":[{"href":"https:\/\/wp-gerber.de\/index.php?rest_route=%2Fwp%2Fv2%2Fmedia&parent=19"}],"curies":[{"name":"wp","href":"https:\/\/api.w.org\/{rel}","templated":true}]}}