{"id":28,"date":"2022-12-29T11:54:33","date_gmt":"2022-12-29T11:54:33","guid":{"rendered":"https:\/\/wp-gerber.de\/?page_id=28"},"modified":"2023-07-18T17:06:37","modified_gmt":"2023-07-18T17:06:37","slug":"datenschutz","status":"publish","type":"page","link":"https:\/\/wp-gerber.de\/?page_id=28","title":{"rendered":"Datenschutz"},"content":{"rendered":"\n<p><strong>Personenbezogene Daten&nbsp;<\/strong><\/p>\n\n\n\n<p>Personenbezogene Daten sind Einzelangaben \u00fcber pers\u00f6nliche oder sachliche Verh\u00e4ltnisse einer bestimmten oder bestimmbaren nat\u00fcrlichen Person. Darunter fallen Informationen wie z.B. der Name, die Anschrift, die Telefonnummer oder die E-Mail-Adresse. Informationen, die nicht direkt mit Ihrer wirklichen Identit\u00e4t in Verbindung gebracht werden (z.B. Anzahl der Nutzer einer Seite), sind keine personenbezogenen Daten.&nbsp;<\/p>\n\n\n\n<p><strong>Einwilligung zur Datennutzung&nbsp;<\/strong><\/p>\n\n\n\n<p>\u00dcber meine Website bringe ich keine personenbezogenen Daten von Ihnen in Erfahrung (z.B. Name, Anschrift oder E-Mail-Adresse), es sei denn, dass Sie mir diese freiwillig zur Verf\u00fcgung stellen (z.B. durch eine Anfrage oder Bewerbung) oder die entsprechenden Rechtsvorschriften \u00fcber den Schutz Ihrer Daten dies erlauben.&nbsp;<\/p>\n\n\n\n<p><strong>Zweckbestimmung&nbsp;<\/strong><\/p>\n\n\n\n<p>Ich werde die von Ihnen online zur Verf\u00fcgung gestellten personenbezogenen Daten nur f\u00fcr die Ihnen mitgeteilten Zwecke erheben, verarbeiten und nutzen, es sei denn, die Erhebung, Verarbeitung und Nutzung erfolgt<\/p>\n\n\n\n<ul class=\"wp-block-list\">\n<li>f\u00fcr einen Zweck, der in direktem Zusammenhang mit dem urspr\u00fcnglichen Zweck steht, zu dem die personenbezogenen Daten erhoben wurden,<\/li>\n\n\n\n<li>aufgrund rechtlicher Verpflichtung oder beh\u00f6rdlicher oder gerichtlicher Anordnung,<\/li>\n\n\n\n<li>zur Begr\u00fcndung oder zum Schutz rechtlicher Anspr\u00fcche oder zur Abwehr von rechtswidrigen Aktivit\u00e4ten.<\/li>\n<\/ul>\n\n\n\n<p>Ihre personenbezogenen Daten werde ich an Dritte weder verkaufen oder vermarkten noch aus sonstigen Gr\u00fcnden weitergeben.&nbsp;<\/p>\n\n\n\n<p><strong>Protokollierung<\/strong>&nbsp;<\/p>\n\n\n\n<p>Ein Aufenthalt auf unserer Website wird protokolliert. Erfasst werden hierbei folgende Daten:<\/p>\n\n\n\n<ul class=\"wp-block-list\">\n<li>die aktuelle IP-Adresse Ihres Rechners,<\/li>\n\n\n\n<li>die ausgew\u00e4hlten Webseiten,<\/li>\n\n\n\n<li>Ihre Browserkennung wie \u00fcbermittelt,<\/li>\n\n\n\n<li>Datum und Uhrzeit sowie<\/li>\n\n\n\n<li>das Betriebssystem Ihres Rechners wie \u00fcbermittelt.<\/li>\n<\/ul>\n\n\n\n<p>Diese Daten werden nur zum Zwecke der Optimierung der Datensicherheit und zur technischen Administration und Optimierung der Website erhoben. Ich werde diese Informationen zu keinen weiteren Zwecken verwenden. Es erfolgen keine Auswertungen \u00fcber Google Analytics.&nbsp;<\/p>\n\n\n\n<p><strong>Datenaufbewahrung und -l\u00f6schung&nbsp;<\/strong><\/p>\n\n\n\n<p>Ich speichere personenbezogene Daten, die Sie mir \u00fcbermitteln nur so lange, wie sie ben\u00f6tigt werden, um die Zwecke zu erf\u00fcllen, zu denen diese Daten \u00fcbermittelt wurden bzw. solange dies von Gesetzes wegen vorgeschrieben ist. Im Anschluss erfolgt eine automatische L\u00f6schung.&nbsp;<\/p>\n\n\n\n<p>Im Rahmen meiner regelm\u00e4\u00dfigen Datenvollsicherungen werden ggf. auch diese Daten gesichert und f\u00fcr bestimmte Zeit gem\u00e4\u00df meinen Archivierungsrichtlinien auf Sicherungsdatentr\u00e4gern verwahrt. Nach Ablauf eines Archivierungszeitraums werden die Sicherungsdatentr\u00e4ger regelm\u00e4\u00dfig \u00fcberschrieben und damit auch diese Daten automatisch gel\u00f6scht.&nbsp;<\/p>\n\n\n\n<p>Sollten Sie mit der Speicherung Ihrer personenbezogenen Daten nicht mehr einverstanden oder diese unrichtig geworden sein, werde ich auf Ihre entsprechende Weisung die L\u00f6schung oder Sperrung Ihrer Daten veranlassen oder die notwendigen Korrekturen vornehmen (soweit dies nach dem geltenden Recht m\u00f6glich ist). Auf Wunsch erhalten Sie&nbsp;unentgeltlich&nbsp;Auskunft \u00fcber alle personenbezogenen Daten, die ich \u00fcber Sie gespeichert habe.&nbsp;<\/p>\n\n\n\n<p>Sicherheit&nbsp;<\/p>\n\n\n\n<p>Ich bin ist bem\u00fcht, technische und organisatorische Sicherheitsma\u00dfnahmen zu treffen, um Ihre personenbezogenen Daten gegen unbeabsichtigte oder unrechtm\u00e4\u00dfige L\u00f6schung, Ver\u00e4nderung oder gegen Verlust und gegen unberechtigte Weitergabe oder unberechtigten Zugriff zu sch\u00fctzen. Meine Mitarbeiter werden entsprechend auf die Geheimhaltung und zum Datenschutz verpflichtet.&nbsp;<\/p>\n\n\n\n<p><strong>E-Mail&nbsp;<\/strong><\/p>\n\n\n\n<p>Wenn Sie mir eine E-Mail schreiben m\u00f6chten, beachten Sie bitte, dass unverschl\u00fcsselte E-Mails, die \u00fcber das Internet versendet werden, nicht hinreichend von der unbefugten Kenntnisnahme durch Dritte gesch\u00fctzt sind.&nbsp;<\/p>\n\n\n\n<p>Sofern Sie mir Bewerbungen per E-Mail zusenden, werden diesen Daten von mir ausschlie\u00dflich zur Bearbeitung Ihrer Bewerbung verwendet. Eine Verwendung Ihrer Daten f\u00fcr andere Zwecke, die nicht im Zusammenhang mit der Bewerbung stehen, und insbesondere die \u00dcbermittlung an Dritte, erfolgt nicht.&nbsp;<\/p>\n\n\n\n<p>Nach Abschluss des Bewerbungsverfahrens und der hiermit verbundenen gesetzlichen Fristen l\u00f6sche ich Ihre Bewerbungsdaten.&nbsp;<\/p>\n\n\n\n<p><strong>Verlinkungen<\/strong>&nbsp;<\/p>\n\n\n\n<p>Bei Links auf meiner Website zu externen Unternehmen oder sonstigen Dritten bin ich nicht verantwortlich f\u00fcr die Datenschutzanforderungen oder den Inhalt dieser Websites.&nbsp;<\/p>\n\n\n\n<p><strong>Weitere Informationen und Kontakte<\/strong>&nbsp;<\/p>\n\n\n\n<p>Wenn Sie Fragen zu meiner Datenschutzerkl\u00e4rung und meiner Website haben, k\u00f6nnen Sie sich gerne an mich wenden: per E-Mail an\u00a0<a href=\"mailto:K.Gerber@WP-Gerber.de\">K.Gerber@WP-Gerber.de<\/a>\u00a0oder telefonisch unter +49 (0)176 63123882.<\/p>\n\n\n\n<p>Diese Datenschutzerkl\u00e4rung hat den Stand vom 25. Mai 2018. Ich behalte mir vor, die Datenschutzerkl\u00e4rung zu gegebener Zeit zu aktualisieren, um den Datenschutz zu verbessern und\/oder an ge\u00e4nderte Beh\u00f6rdenpraxis oder Rechtsprechung anzupassen.<\/p>\n","protected":false},"excerpt":{"rendered":"<p>Personenbezogene Daten&nbsp; Personenbezogene Daten sind Einzelangaben \u00fcber pers\u00f6nliche oder sachliche Verh\u00e4ltnisse einer bestimmten oder bestimmbaren nat\u00fcrlichen Person. Darunter fallen Informationen wie z.B. der Name, die Anschrift, die Telefonnummer oder die E-Mail-Adresse. Informationen, die nicht direkt mit Ihrer wirklichen Identit\u00e4t in Verbindung gebracht werden (z.B. Anzahl der Nutzer einer Seite), sind keine personenbezogenen Daten.&nbsp; Einwilligung zur &hellip; <\/p>\n<p class=\"link-more\"><a href=\"https:\/\/wp-gerber.de\/?page_id=28\" class=\"more-link\"><span class=\"screen-reader-text\">\u201eDatenschutz\u201c<\/span> weiterlesen<\/a><\/p>\n","protected":false},"author":1,"featured_media":0,"parent":0,"menu_order":0,"comment_status":"closed","ping_status":"closed","template":"","meta":{"footnotes":""},"class_list":["post-28","page","type-page","status-publish","hentry"],"_links":{"self":[{"href":"https:\/\/wp-gerber.de\/index.php?rest_route=\/wp\/v2\/pages\/28","targetHints":{"allow":["GET"]}}],"collection":[{"href":"https:\/\/wp-gerber.de\/index.php?rest_route=\/wp\/v2\/pages"}],"about":[{"href":"https:\/\/wp-gerber.de\/index.php?rest_route=\/wp\/v2\/types\/page"}],"author":[{"embeddable":true,"href":"https:\/\/wp-gerber.de\/index.php?rest_route=\/wp\/v2\/users\/1"}],"replies":[{"embeddable":true,"href":"https:\/\/wp-gerber.de\/index.php?rest_route=%2Fwp%2Fv2%2Fcomments&post=28"}],"version-history":[{"count":2,"href":"https:\/\/wp-gerber.de\/index.php?rest_route=\/wp\/v2\/pages\/28\/revisions"}],"predecessor-version":[{"id":78,"href":"https:\/\/wp-gerber.de\/index.php?rest_route=\/wp\/v2\/pages\/28\/revisions\/78"}],"wp:attachment":[{"href":"https:\/\/wp-gerber.de\/index.php?rest_route=%2Fwp%2Fv2%2Fmedia&parent=28"}],"curies":[{"name":"wp","href":"https:\/\/api.w.org\/{rel}","templated":true}]}}